 the greatest common factor of 6 and 4954?
2
Calculate the greatest common factor of 792 and 2232.
72
Calculate the highest common divisor of 83 and 8383.
83
Calculate the greatest common divisor of 858 and 5412.
66
What is the highest common divisor of 583 and 44?
11
What is the greatest common factor of 329 and 1281?
7
Calculate the greatest common divisor of 5 and 320.
5
What is the highest common factor of 116 and 7076?
116
What is the greatest common divisor of 3315 and 4845?
255
What is the highest common factor of 294 and 9849?
147
Calculate the highest common factor of 874 and 76.
38
What is the highest common divisor of 4 and 160?
4
What is the highest common divisor of 8 and 8?
8
Calculate the greatest common factor of 721 and 1030.
103
Calculate the greatest common factor of 3 and 361.
1
Calculate the highest common divisor of 62 and 62.
62
Calculate the highest common divisor of 3783 and 26.
13
What is the highest common factor of 900 and 400?
100
What is the greatest common divisor of 39 and 39?
39
What is the greatest common divisor of 77 and 55?
11
What is the greatest common divisor of 54 and 180?
18
What is the highest common divisor of 160 and 20?
20
What is the greatest common factor of 47 and 2209?
47
Calculate the greatest common divisor of 2208 and 69.
69
What is the highest common factor of 1967 and 1?
1
What is the highest common factor of 644 and 28?
28
Calculate the greatest common factor of 7720 and 120.
40
What is the highest common factor of 28 and 266?
14
What is the highest common factor of 48 and 4248?
24
What is the highest common divisor of 4 and 34?
2
Calculate the highest common factor of 72 and 27.
9
Calculate the greatest common factor of 204 and 60.
12
Calculate the highest common factor of 484 and 1408.
44
Calculate the greatest common factor of 1872 and 18.
18
Calculate the greatest common factor of 981 and 6.
3
Calculate the greatest common divisor of 195 and 6513.
39
Calculate the highest common factor of 942 and 6.
6
What is the highest common factor of 69 and 1748?
23
Calculate the highest common factor of 874 and 304.
38
Calculate the highest common divisor of 390 and 60.
30
What is the highest common factor of 38 and 475?
19
What is the highest common factor of 2973 and 1?
1
What is the greatest common factor of 75 and 75?
75
Calculate the greatest common divisor of 81 and 2754.
81
What is the greatest common divisor of 36 and 144?
36
Calculate the highest common factor of 418 and 114.
38
Calculate the greatest common factor of 58 and 122.
2
Calculate the greatest common divisor of 34824 and 24.
24
What is the greatest common divisor of 183 and 488?
61
Calculate the highest common divisor of 1360 and 918.
34
What is the greatest common factor of 448 and 3456?
64
What is the highest common divisor of 37 and 296?
37
What is the highest common factor of 320 and 128?
64
What is the greatest common factor of 18 and 298?
2
Calculate the highest common divisor of 4278 and 1242.
138
What is the highest common factor of 42 and 48?
6
What is the highest common divisor of 5103 and 315?
63
Calculate the highest common divisor of 35 and 1841.
7
What is the greatest common divisor of 3245 and 236?
59
What is the greatest common factor of 623 and 7?
7
Calculate the greatest common factor of 23880 and 8.
8
What is the greatest common factor of 78 and 2262?
78
What is the greatest common factor of 342 and 114?
114
What is the greatest common factor of 101 and 4747?
101
What is the highest common factor of 2 and 2?
2
What is the highest common factor of 300 and 12?
12
What is the highest common divisor of 9 and 162?
9
What is the greatest common divisor of 1352 and 130?
26
What is the greatest common factor of 69 and 253?
23
What is the greatest common factor of 1158 and 42?
6
What is the highest common divisor of 4 and 106?
2
Calculate the greatest common divisor of 12 and 17142.
6
Calculate the greatest common factor of 26 and 832.
26
Calculate the greatest common factor of 200 and 75.
25
Calculate the highest common divisor of 317 and 121094.
317
What is the highest common factor of 121 and 23595?
121
What is the highest common divisor of 301 and 2924?
43
What is the greatest common factor of 420 and 1035?
15
What is the greatest common factor of 103 and 3296?
103
What is the highest common divisor of 783 and 3393?
261
What is the highest common factor of 442 and 52?
26
Calculate the highest common factor of 104 and 42952.
104
Calculate the highest common divisor of 155 and 4309.
31
Calculate the highest common divisor of 1003 and 51.
17
Calculate the highest common divisor of 12 and 5604.
12
Calculate the highest common divisor of 20 and 460.
20
Calculate the greatest common factor of 9 and 927.
9
What is the greatest common factor of 18943 and 19?
19
Calculate the highest common divisor of 3108 and 74.
74
Calculate the greatest common factor of 186 and 11284.
62
Calculate the highest common divisor of 65 and 455.
65
What is the greatest common divisor of 4 and 10396?
4
What is the greatest common divisor of 83 and 1079?
83
Calculate the highest common factor of 390 and 60.
30
Calculate the highest common factor of 3040 and 855.
95
Calculate the greatest common factor of 4005 and 45.
45
What is the highest common factor of 39 and 97617?
39
What is the greatest common divisor of 45 and 13665?
15
What is the highest common factor of 3165 and 30?
15
Calculate the greatest common divisor of 782 and 374.
34
Calculate the highest common factor of 10 and 1280.
10
What is the highest common factor of 238 and 14?
14
Calculate the highest common factor of 27 and 675.
27
Calculate the highest common divisor of 64 and 288.
32
Calculate the highest common divisor of 3264 and 561.
51
What is the highest common divisor of 37 and 2?
1
What is the highest common divisor of 1729 and 13?
13
Calculate the greatest common divisor of 1200 and 240.
240
What is the greatest common factor of 424 and 371?
53
What is the highest common divisor of 2 and 82?
2
What is the greatest common divisor of 5 and 185?
5
Calculate the greatest common factor of 14 and 8652.
14
What is the greatest common factor of 12 and 324?
12
What is the highest common factor of 930 and 30?
30
Calculate the greatest common divisor of 1835 and 5.
5
What is the greatest common divisor of 117 and 13?
13
Calculate the highest common divisor of 48 and 108.
12
Calculate the highest common divisor of 2747 and 287.
41
What is the greatest common divisor of 5866 and 14?
14
What is the greatest common factor of 66 and 3333?
33
What is the greatest common divisor of 54 and 180?
18
What is the greatest common divisor of 61 and 1159?
61
Calculate the highest common factor of 5328 and 96.
48
Calculate the greatest common divisor of 148 and 185.
37
What is the highest common factor of 390 and 26?
26
What is the greatest common factor of 10 and 55270?
10
What is the highest common factor of 1 and 25?
1
What is the highest common divisor of 43 and 1032?
43
Calculate the greatest common divisor of 440 and 4664.
88
What is the greatest common divisor of 308 and 132?
44
What is the greatest common factor of 4 and 5836?
4
What is the greatest common divisor of 296 and 1332?
148
What is the highest common divisor of 12168 and 108?
36
What is the highest common divisor of 10 and 1040?
10
Calculate the highest common divisor of 6027 and 984.
123
What is the greatest common factor of 927 and 38625?
309
What is the highest common divisor of 175 and 15?
5
What is the greatest common divisor of 2035 and 74?
37
What is the highest common divisor of 45 and 3285?
45
Calculate the greatest common factor of 49 and 539.
49
Calculate the highest common divisor of 697 and 51.
17
Calculate the greatest common factor of 840 and 12.
12
Calculate the greatest common factor of 84 and 56.
28
What is the highest common divisor of 378 and 462?
42
What is the greatest common divisor of 114 and 24?
6
What is the highest common factor of 36 and 315?
9
What is the greatest common factor of 68 and 1052?
4
What is the highest common factor of 38 and 3078?
38
Calculate the highest common factor of 180 and 1140.
60
What is the highest common factor of 6 and 2312?
2
What is the highest common divisor of 17 and 